{"id":1933,"date":"2024-01-19T23:05:01","date_gmt":"2024-01-19T22:05:01","guid":{"rendered":"https:\/\/www.academiedujazz.com\/?post_type=palmares&#038;p=1933"},"modified":"2024-01-19T23:05:50","modified_gmt":"2024-01-19T22:05:50","slug":"palmares-1965","status":"publish","type":"palmares","link":"https:\/\/www.academiedujazz.com\/index.php\/palmares\/palmares-1965\/","title":{"rendered":"Palmar\u00e8s 1965"},"content":{"rendered":"\t\t<div data-elementor-type=\"wp-post\" data-elementor-id=\"1933\" class=\"elementor elementor-1933\" data-elementor-post-type=\"palmares\">\n\t\t\t\t\t\t\t<div class=\"elementor-element elementor-element-b66b883 e-flex e-con-boxed e-con e-parent\" data-id=\"b66b883\" data-element_type=\"container\" data-settings=\"{&quot;background_background&quot;:&quot;classic&quot;,&quot;container_type&quot;:&quot;flex&quot;,&quot;content_width&quot;:&quot;boxed&quot;}\" data-core-v316-plus=\"true\">\n\t\t\t\t\t<div class=\"e-con-inner\">\n\t\t\t\t<div class=\"elementor-element elementor-element-ebcebc4 elementor-widget__width-initial b-primary elementor-widget elementor-widget-text-editor\" data-id=\"ebcebc4\" data-element_type=\"widget\" data-widget_type=\"text-editor.default\">\n\t\t\t\t<div class=\"elementor-widget-container\">\n\t\t\t<style>\/*! elementor - v3.18.0 - 20-12-2023 *\/\n.elementor-widget-text-editor.elementor-drop-cap-view-stacked .elementor-drop-cap{background-color:#69727d;color:#fff}.elementor-widget-text-editor.elementor-drop-cap-view-framed .elementor-drop-cap{color:#69727d;border:3px solid;background-color:transparent}.elementor-widget-text-editor:not(.elementor-drop-cap-view-default) .elementor-drop-cap{margin-top:8px}.elementor-widget-text-editor:not(.elementor-drop-cap-view-default) .elementor-drop-cap-letter{width:1em;height:1em}.elementor-widget-text-editor .elementor-drop-cap{float:left;text-align:center;line-height:1;font-size:50px}.elementor-widget-text-editor .elementor-drop-cap-letter{display:inline-block}<\/style>\t\t\t\t<p><strong>Sous la pr\u00e9sidence d\u2019Honneur de Georges Auric, et en pr\u00e9sence du pr\u00e9sident Maurice Cullaz, d\u2019Henri Sauguet, Michel de Bry, Charles Delaunay et de ses membres d\u2019Honneur, le jury de l\u2019Acad\u00e9mie du Jazz, r\u00e9uni au Slow Club le 14 f\u00e9vrier 1966, a d\u00e9cern\u00e9\u00a0:<\/strong><\/p><p><strong>Le Prix Django Reinhardt<\/strong>\u00a0(musicien fran\u00e7ais de l\u2019ann\u00e9e)\u00a0: \u00e0\u00a0<strong>Jean-Luc Ponty<\/strong>, violoniste.<br class=\"autobr\" \/><i>&#8211; Finaliste<\/i>\u00a0:\u00a0<strong>Jef Gilson<\/strong>, compositeur, arrangeur, chef d\u2019orchestre, multi-instrumentiste.<\/p><p><strong>L\u2019Oscar du meilleur disque de jazz 1965<\/strong>\u00a0: \u00e0\u00a0<strong>Anthony Williams<\/strong>, pour l\u2019album \u2018<i>Life time<\/i>\u2019 (Blue Note 4180).<br class=\"autobr\" \/><i>&#8211; Finaliste<\/i>\u00a0:\u00a0<strong>Miles Davis<\/strong>, pour \u2018<i>My Funny Valentine<\/i>\u2019, (CBS 62510) et \u2018<i>E.S.P<\/i>\u2019, (CBS 62577).<\/p><p><strong>Le Prix Fats Waller<\/strong>\u00a0(de la meilleure r\u00e9\u00e9dition de jazz de l\u2019ann\u00e9e)\u00a0: \u00e0 l\u2019album \u2018<strong>\u00a0<i>An Art Tatum Concert<\/i>\u00a0<\/strong>\u2019, (CBS 62 615).<br class=\"autobr\" \/><i>&#8211; Finaliste<\/i>\u00a0:\u00a0<strong>Scott Joplin<\/strong>, pour \u2019<i>Ragtime Pioneer<\/i>\u2019 (Riverside 8 815).<\/p><p><strong>Le prix Big Bill Broonzy<\/strong>\u00a0du meilleur disque de blues traditionnel \u00e0\u00a0<strong>Memphis Slim<\/strong>, pour l\u2019album \u2018<i>The Real Honky Tonk<\/i>\u2019, (Folkways &#8211; Le Chant du Monde 53 535).<br class=\"autobr\" \/><i>&#8211; Finalistes<\/i>\u00a0:\u00a0<strong>Scott Joplin<\/strong>\u00a0pour \u2019<i>Ragtime Pioneer<\/i>\u2019 (Riverside 8 815), et\u00a0<strong>Ma Rainey<\/strong>\u00a0pour \u2019<i>Mother of the Blues<\/i>\u2019 (Riverside \u2013 Philips 8 807)<\/p><p><strong><i>Enfin , plusieurs nouveaux membres ont \u00e9t\u00e9 admis \u00e0 l\u2019Acad\u00e9mie du jazz\u00a0: Philippe Adler, Jean-Pierre Leloir, Jacques Bens, Mezz Mezzrow et le com\u00e9dien Pierre Mondy.<\/i><\/strong><\/p>\t\t\t\t\t\t<\/div>\n\t\t\t\t<\/div>\n\t\t\t\t\t<\/div>\n\t\t\t\t<\/div>\n\t\t\t\t\t\t\t<\/div>\n\t\t","protected":false},"featured_media":0,"template":"elementor_header_footer","class_list":["post-1933","palmares","type-palmares","status-publish","hentry"],"yoast_head":"<!-- This site is optimized with the Yoast SEO plugin v21.9.1 - https:\/\/yoast.com\/wordpress\/plugins\/seo\/ -->\n<title>Palmar\u00e8s 1965 - Acad\u00e9mie du Jazz<\/title>\n<meta name=\"robots\" content=\"index, follow, max-snippet:-1, max-image-preview:large, max-video-preview:-1\" \/>\n<link rel=\"canonical\" href=\"https:\/\/www.academiedujazz.com\/index.php\/palmares\/palmares-1965\/\" \/>\n<meta property=\"og:locale\" content=\"fr_FR\" \/>\n<meta property=\"og:type\" content=\"article\" \/>\n<meta property=\"og:title\" content=\"Palmar\u00e8s 1965 - Acad\u00e9mie du Jazz\" \/>\n<meta property=\"og:description\" content=\"Sous la pr\u00e9sidence d\u2019Honneur de Georges Auric, et en pr\u00e9sence du pr\u00e9sident Maurice Cullaz, d\u2019Henri Sauguet, Michel de Bry, Charles Delaunay et de ses membres d\u2019Honneur, le jury de l\u2019Acad\u00e9mie du Jazz, r\u00e9uni au Slow Club le 14 f\u00e9vrier 1966, a d\u00e9cern\u00e9\u00a0: Le Prix Django Reinhardt\u00a0(musicien fran\u00e7ais de l\u2019ann\u00e9e)\u00a0: \u00e0\u00a0Jean-Luc Ponty, violoniste.&#8211; Finaliste\u00a0:\u00a0Jef Gilson, compositeur, [&hellip;]\" \/>\n<meta property=\"og:url\" content=\"https:\/\/www.academiedujazz.com\/index.php\/palmares\/palmares-1965\/\" \/>\n<meta property=\"og:site_name\" content=\"Acad\u00e9mie du Jazz\" \/>\n<meta property=\"article:modified_time\" content=\"2024-01-19T22:05:50+00:00\" \/>\n<meta name=\"twitter:card\" content=\"summary_large_image\" \/>\n<meta name=\"twitter:label1\" content=\"Dur\u00e9e de lecture estim\u00e9e\" \/>\n\t<meta name=\"twitter:data1\" content=\"2 minutes\" \/>\n<script type=\"application\/ld+json\" class=\"yoast-schema-graph\">{\"@context\":\"https:\/\/schema.org\",\"@graph\":[{\"@type\":\"WebPage\",\"@id\":\"https:\/\/www.academiedujazz.com\/index.php\/palmares\/palmares-1965\/\",\"url\":\"https:\/\/www.academiedujazz.com\/index.php\/palmares\/palmares-1965\/\",\"name\":\"Palmar\u00e8s 1965 - Acad\u00e9mie du Jazz\",\"isPartOf\":{\"@id\":\"https:\/\/www.academiedujazz.com\/#website\"},\"datePublished\":\"2024-01-19T22:05:01+00:00\",\"dateModified\":\"2024-01-19T22:05:50+00:00\",\"breadcrumb\":{\"@id\":\"https:\/\/www.academiedujazz.com\/index.php\/palmares\/palmares-1965\/#breadcrumb\"},\"inLanguage\":\"fr-FR\",\"potentialAction\":[{\"@type\":\"ReadAction\",\"target\":[\"https:\/\/www.academiedujazz.com\/index.php\/palmares\/palmares-1965\/\"]}]},{\"@type\":\"BreadcrumbList\",\"@id\":\"https:\/\/www.academiedujazz.com\/index.php\/palmares\/palmares-1965\/#breadcrumb\",\"itemListElement\":[{\"@type\":\"ListItem\",\"position\":1,\"name\":\"Accueil\",\"item\":\"https:\/\/www.academiedujazz.com\/\"},{\"@type\":\"ListItem\",\"position\":2,\"name\":\"Palmar\u00e8s 1965\"}]},{\"@type\":\"WebSite\",\"@id\":\"https:\/\/www.academiedujazz.com\/#website\",\"url\":\"https:\/\/www.academiedujazz.com\/\",\"name\":\"Acad\u00e9mie du Jazz\",\"description\":\"\",\"publisher\":{\"@id\":\"https:\/\/www.academiedujazz.com\/#organization\"},\"potentialAction\":[{\"@type\":\"SearchAction\",\"target\":{\"@type\":\"EntryPoint\",\"urlTemplate\":\"https:\/\/www.academiedujazz.com\/?s={search_term_string}\"},\"query-input\":\"required name=search_term_string\"}],\"inLanguage\":\"fr-FR\"},{\"@type\":\"Organization\",\"@id\":\"https:\/\/www.academiedujazz.com\/#organization\",\"name\":\"Acad\u00e9mie du Jazz\",\"url\":\"https:\/\/www.academiedujazz.com\/\",\"logo\":{\"@type\":\"ImageObject\",\"inLanguage\":\"fr-FR\",\"@id\":\"https:\/\/www.academiedujazz.com\/#\/schema\/logo\/image\/\",\"url\":\"https:\/\/www.academiedujazz.com\/wp-content\/uploads\/2023\/11\/Logo-web_Academie-Du-Jazz_Fond-sombre.png\",\"contentUrl\":\"https:\/\/www.academiedujazz.com\/wp-content\/uploads\/2023\/11\/Logo-web_Academie-Du-Jazz_Fond-sombre.png\",\"width\":949,\"height\":800,\"caption\":\"Acad\u00e9mie du Jazz\"},\"image\":{\"@id\":\"https:\/\/www.academiedujazz.com\/#\/schema\/logo\/image\/\"}}]}<\/script>\n<!-- \/ Yoast SEO plugin. -->","yoast_head_json":{"title":"Palmar\u00e8s 1965 - Acad\u00e9mie du Jazz","robots":{"index":"index","follow":"follow","max-snippet":"max-snippet:-1","max-image-preview":"max-image-preview:large","max-video-preview":"max-video-preview:-1"},"canonical":"https:\/\/www.academiedujazz.com\/index.php\/palmares\/palmares-1965\/","og_locale":"fr_FR","og_type":"article","og_title":"Palmar\u00e8s 1965 - Acad\u00e9mie du Jazz","og_description":"Sous la pr\u00e9sidence d\u2019Honneur de Georges Auric, et en pr\u00e9sence du pr\u00e9sident Maurice Cullaz, d\u2019Henri Sauguet, Michel de Bry, Charles Delaunay et de ses membres d\u2019Honneur, le jury de l\u2019Acad\u00e9mie du Jazz, r\u00e9uni au Slow Club le 14 f\u00e9vrier 1966, a d\u00e9cern\u00e9\u00a0: Le Prix Django Reinhardt\u00a0(musicien fran\u00e7ais de l\u2019ann\u00e9e)\u00a0: \u00e0\u00a0Jean-Luc Ponty, violoniste.&#8211; Finaliste\u00a0:\u00a0Jef Gilson, compositeur, [&hellip;]","og_url":"https:\/\/www.academiedujazz.com\/index.php\/palmares\/palmares-1965\/","og_site_name":"Acad\u00e9mie du Jazz","article_modified_time":"2024-01-19T22:05:50+00:00","twitter_card":"summary_large_image","twitter_misc":{"Dur\u00e9e de lecture estim\u00e9e":"2 minutes"},"schema":{"@context":"https:\/\/schema.org","@graph":[{"@type":"WebPage","@id":"https:\/\/www.academiedujazz.com\/index.php\/palmares\/palmares-1965\/","url":"https:\/\/www.academiedujazz.com\/index.php\/palmares\/palmares-1965\/","name":"Palmar\u00e8s 1965 - Acad\u00e9mie du Jazz","isPartOf":{"@id":"https:\/\/www.academiedujazz.com\/#website"},"datePublished":"2024-01-19T22:05:01+00:00","dateModified":"2024-01-19T22:05:50+00:00","breadcrumb":{"@id":"https:\/\/www.academiedujazz.com\/index.php\/palmares\/palmares-1965\/#breadcrumb"},"inLanguage":"fr-FR","potentialAction":[{"@type":"ReadAction","target":["https:\/\/www.academiedujazz.com\/index.php\/palmares\/palmares-1965\/"]}]},{"@type":"BreadcrumbList","@id":"https:\/\/www.academiedujazz.com\/index.php\/palmares\/palmares-1965\/#breadcrumb","itemListElement":[{"@type":"ListItem","position":1,"name":"Accueil","item":"https:\/\/www.academiedujazz.com\/"},{"@type":"ListItem","position":2,"name":"Palmar\u00e8s 1965"}]},{"@type":"WebSite","@id":"https:\/\/www.academiedujazz.com\/#website","url":"https:\/\/www.academiedujazz.com\/","name":"Acad\u00e9mie du Jazz","description":"","publisher":{"@id":"https:\/\/www.academiedujazz.com\/#organization"},"potentialAction":[{"@type":"SearchAction","target":{"@type":"EntryPoint","urlTemplate":"https:\/\/www.academiedujazz.com\/?s={search_term_string}"},"query-input":"required name=search_term_string"}],"inLanguage":"fr-FR"},{"@type":"Organization","@id":"https:\/\/www.academiedujazz.com\/#organization","name":"Acad\u00e9mie du Jazz","url":"https:\/\/www.academiedujazz.com\/","logo":{"@type":"ImageObject","inLanguage":"fr-FR","@id":"https:\/\/www.academiedujazz.com\/#\/schema\/logo\/image\/","url":"https:\/\/www.academiedujazz.com\/wp-content\/uploads\/2023\/11\/Logo-web_Academie-Du-Jazz_Fond-sombre.png","contentUrl":"https:\/\/www.academiedujazz.com\/wp-content\/uploads\/2023\/11\/Logo-web_Academie-Du-Jazz_Fond-sombre.png","width":949,"height":800,"caption":"Acad\u00e9mie du Jazz"},"image":{"@id":"https:\/\/www.academiedujazz.com\/#\/schema\/logo\/image\/"}}]}},"_links":{"self":[{"href":"https:\/\/www.academiedujazz.com\/index.php\/wp-json\/wp\/v2\/palmares\/1933","targetHints":{"allow":["GET"]}}],"collection":[{"href":"https:\/\/www.academiedujazz.com\/index.php\/wp-json\/wp\/v2\/palmares"}],"about":[{"href":"https:\/\/www.academiedujazz.com\/index.php\/wp-json\/wp\/v2\/types\/palmares"}],"version-history":[{"count":4,"href":"https:\/\/www.academiedujazz.com\/index.php\/wp-json\/wp\/v2\/palmares\/1933\/revisions"}],"predecessor-version":[{"id":1941,"href":"https:\/\/www.academiedujazz.com\/index.php\/wp-json\/wp\/v2\/palmares\/1933\/revisions\/1941"}],"wp:attachment":[{"href":"https:\/\/www.academiedujazz.com\/index.php\/wp-json\/wp\/v2\/media?parent=1933"}],"curies":[{"name":"wp","href":"https:\/\/api.w.org\/{rel}","templated":true}]}}

Palmarès 1965

<div data-elementor-type="wp-post" data-elementor-id="1933" class="elementor elementor-1933" data-elementor-post-type="palmares">
							<div class="elementor-element elementor-element-b66b883 e-flex e-con-boxed e-con e-parent" data-id="b66b883" data-element_type="container" data-settings="{&quot;background_background&quot;:&quot;classic&quot;,&quot;container_type&quot;:&quot;flex&quot;,&quot;content_width&quot;:&quot;boxed&quot;}" data-core-v316-plus="true">
					<div class="e-con-inner">
				<div class="elementor-element elementor-element-ebcebc4 elementor-widget__width-initial b-primary elementor-widget elementor-widget-text-editor" data-id="ebcebc4" data-element_type="widget" data-widget_type="text-editor.default">
				<div class="elementor-widget-container">
			<style>/*! elementor - v3.18.0 - 20-12-2023 */
.elementor-widget-text-editor.elementor-drop-cap-view-stacked .elementor-drop-cap{background-color:#69727d;color:#fff}.elementor-widget-text-editor.elementor-drop-cap-view-framed .elementor-drop-cap{color:#69727d;border:3px solid;background-color:transparent}.elementor-widget-text-editor:not(.elementor-drop-cap-view-default) .elementor-drop-cap{margin-top:8px}.elementor-widget-text-editor:not(.elementor-drop-cap-view-default) .elementor-drop-cap-letter{width:1em;height:1em}.elementor-widget-text-editor .elementor-drop-cap{float:left;text-align:center;line-height:1;font-size:50px}.elementor-widget-text-editor .elementor-drop-cap-letter{display:inline-block}</style>				<p><strong>Sous la présidence d’Honneur de Georges Auric, et en présence du président Maurice Cullaz, d’Henri Sauguet, Michel de Bry, Charles Delaunay et de ses membres d’Honneur, le jury de l’Académie du Jazz, réuni au Slow Club le 14 février 1966, a décerné :</strong></p><p><strong>Le Prix Django Reinhardt</strong> (musicien français de l’année) : à <strong>Jean-Luc Ponty</strong>, violoniste.<br class="autobr" /><i>&#8211; Finaliste</i> : <strong>Jef Gilson</strong>, compositeur, arrangeur, chef d’orchestre, multi-instrumentiste.</p><p><strong>L’Oscar du meilleur disque de jazz 1965</strong> : à <strong>Anthony Williams</strong>, pour l’album ‘<i>Life time</i>’ (Blue Note 4180).<br class="autobr" /><i>&#8211; Finaliste</i> : <strong>Miles Davis</strong>, pour ‘<i>My Funny Valentine</i>’, (CBS 62510) et ‘<i>E.S.P</i>’, (CBS 62577).</p><p><strong>Le Prix Fats Waller</strong> (de la meilleure réédition de jazz de l’année) : à l’album ‘<strong> <i>An Art Tatum Concert</i> </strong>’, (CBS 62 615).<br class="autobr" /><i>&#8211; Finaliste</i> : <strong>Scott Joplin</strong>, pour ’<i>Ragtime Pioneer</i>’ (Riverside 8 815).</p><p><strong>Le prix Big Bill Broonzy</strong> du meilleur disque de blues traditionnel à <strong>Memphis Slim</strong>, pour l’album ‘<i>The Real Honky Tonk</i>’, (Folkways &#8211; Le Chant du Monde 53 535).<br class="autobr" /><i>&#8211; Finalistes</i> : <strong>Scott Joplin</strong> pour ’<i>Ragtime Pioneer</i>’ (Riverside 8 815), et <strong>Ma Rainey</strong> pour ’<i>Mother of the Blues</i>’ (Riverside – Philips 8 807)</p><p><strong><i>Enfin , plusieurs nouveaux membres ont été admis à l’Académie du jazz : Philippe Adler, Jean-Pierre Leloir, Jacques Bens, Mezz Mezzrow et le comédien Pierre Mondy.</i></strong></p>						</div>
				</div>
					</div>
				</div>
							</div>

<!-- This site is optimized with the Yoast SEO plugin v21.9.1 - https://yoast.com/wordpress/plugins/seo/ -->
<title>Palmarès 1965 - Académie du Jazz</title>
<meta name="robots" content="index, follow, max-snippet:-1, max-image-preview:large, max-video-preview:-1" />
<link rel="canonical" href="https://www.academiedujazz.com/index.php/palmares/palmares-1965/" />
<meta property="og:locale" content="fr_FR" />
<meta property="og:type" content="article" />
<meta property="og:title" content="Palmarès 1965 - Académie du Jazz" />
<meta property="og:description" content="Sous la présidence d’Honneur de Georges Auric, et en présence du président Maurice Cullaz, d’Henri Sauguet, Michel de Bry, Charles Delaunay et de ses membres d’Honneur, le jury de l’Académie du Jazz, réuni au Slow Club le 14 février 1966, a décerné : Le Prix Django Reinhardt (musicien français de l’année) : à Jean-Luc Ponty, violoniste.&#8211; Finaliste : Jef Gilson, compositeur, [&hellip;]" />
<meta property="og:url" content="https://www.academiedujazz.com/index.php/palmares/palmares-1965/" />
<meta property="og:site_name" content="Académie du Jazz" />
<meta property="article:modified_time" content="2024-01-19T22:05:50+00:00" />
<meta name="twitter:card" content="summary_large_image" />
<meta name="twitter:label1" content="Durée de lecture estimée" />
	<meta name="twitter:data1" content="2 minutes" />
<script type="application/ld+json" class="yoast-schema-graph">{"@context":"https://schema.org","@graph":[{"@type":"WebPage","@id":"https://www.academiedujazz.com/index.php/palmares/palmares-1965/","url":"https://www.academiedujazz.com/index.php/palmares/palmares-1965/","name":"Palmarès 1965 - Académie du Jazz","isPartOf":{"@id":"https://www.academiedujazz.com/#website"},"datePublished":"2024-01-19T22:05:01+00:00","dateModified":"2024-01-19T22:05:50+00:00","breadcrumb":{"@id":"https://www.academiedujazz.com/index.php/palmares/palmares-1965/#breadcrumb"},"inLanguage":"fr-FR","potentialAction":[{"@type":"ReadAction","target":["https://www.academiedujazz.com/index.php/palmares/palmares-1965/"]}]},{"@type":"BreadcrumbList","@id":"https://www.academiedujazz.com/index.php/palmares/palmares-1965/#breadcrumb","itemListElement":[{"@type":"ListItem","position":1,"name":"Accueil","item":"https://www.academiedujazz.com/"},{"@type":"ListItem","position":2,"name":"Palmarès 1965"}]},{"@type":"WebSite","@id":"https://www.academiedujazz.com/#website","url":"https://www.academiedujazz.com/","name":"Académie du Jazz","description":"","publisher":{"@id":"https://www.academiedujazz.com/#organization"},"potentialAction":[{"@type":"SearchAction","target":{"@type":"EntryPoint","urlTemplate":"https://www.academiedujazz.com/?s={search_term_string}"},"query-input":"required name=search_term_string"}],"inLanguage":"fr-FR"},{"@type":"Organization","@id":"https://www.academiedujazz.com/#organization","name":"Académie du Jazz","url":"https://www.academiedujazz.com/","logo":{"@type":"ImageObject","inLanguage":"fr-FR","@id":"https://www.academiedujazz.com/#/schema/logo/image/","url":"https://www.academiedujazz.com/wp-content/uploads/2023/11/Logo-web_Academie-Du-Jazz_Fond-sombre.png","contentUrl":"https://www.academiedujazz.com/wp-content/uploads/2023/11/Logo-web_Academie-Du-Jazz_Fond-sombre.png","width":949,"height":800,"caption":"Académie du Jazz"},"image":{"@id":"https://www.academiedujazz.com/#/schema/logo/image/"}}]}</script>
<!-- / Yoast SEO plugin. -->

Palmarès 1965 - Académie du Jazz

Sous la présidence d’Honneur de Georges Auric, et en présence du président Maurice Cullaz, d’Henri Sauguet, Michel de Bry, Charles Delaunay et de ses membres d’Honneur, le jury de l’Académie du Jazz, réuni au Slow Club le 14 février 1966, a décerné : Le Prix Django Reinhardt (musicien français de l’année) : à Jean-Luc Ponty, violoniste.&#8211; Finaliste : Jef Gilson, compositeur, [&hellip;]

Académie du Jazz
