{"id":1492,"date":"2024-01-19T18:53:20","date_gmt":"2024-01-19T17:53:20","guid":{"rendered":"https:\/\/www.academiedujazz.com\/?post_type=palmares&#038;p=1492"},"modified":"2024-01-19T18:53:20","modified_gmt":"2024-01-19T17:53:20","slug":"palmares-1967","status":"publish","type":"palmares","link":"https:\/\/www.academiedujazz.com\/index.php\/palmares\/palmares-1967\/","title":{"rendered":"Palmar\u00e8s 1967"},"content":{"rendered":"\t\t<div data-elementor-type=\"wp-post\" data-elementor-id=\"1492\" class=\"elementor elementor-1492\" data-elementor-post-type=\"palmares\">\n\t\t\t\t\t\t\t<div class=\"elementor-element elementor-element-b66b883 e-flex e-con-boxed e-con e-parent\" data-id=\"b66b883\" data-element_type=\"container\" data-settings=\"{&quot;background_background&quot;:&quot;classic&quot;,&quot;container_type&quot;:&quot;flex&quot;,&quot;content_width&quot;:&quot;boxed&quot;}\" data-core-v316-plus=\"true\">\n\t\t\t\t\t<div class=\"e-con-inner\">\n\t\t\t\t<div class=\"elementor-element elementor-element-ebcebc4 elementor-widget__width-initial b-primary elementor-widget elementor-widget-text-editor\" data-id=\"ebcebc4\" data-element_type=\"widget\" data-widget_type=\"text-editor.default\">\n\t\t\t\t<div class=\"elementor-widget-container\">\n\t\t\t<style>\/*! elementor - v3.18.0 - 20-12-2023 *\/\n.elementor-widget-text-editor.elementor-drop-cap-view-stacked .elementor-drop-cap{background-color:#69727d;color:#fff}.elementor-widget-text-editor.elementor-drop-cap-view-framed .elementor-drop-cap{color:#69727d;border:3px solid;background-color:transparent}.elementor-widget-text-editor:not(.elementor-drop-cap-view-default) .elementor-drop-cap{margin-top:8px}.elementor-widget-text-editor:not(.elementor-drop-cap-view-default) .elementor-drop-cap-letter{width:1em;height:1em}.elementor-widget-text-editor .elementor-drop-cap{float:left;text-align:center;line-height:1;font-size:50px}.elementor-widget-text-editor .elementor-drop-cap-letter{display:inline-block}<\/style>\t\t\t\t<p><strong>Sous la pr\u00e9sidence d\u2019Honneur de Georges Auric, et en pr\u00e9sence du pr\u00e9sident Maurice Cullaz, d\u2019Henri Sauguet, Michel de Bry, Charles Delaunay et des membres d\u2019Honneur, le jury de l\u2019Acad\u00e9mie du Jazz, r\u00e9uni au \u2018<i>Drug West<\/i>\u2019 de Parly 2, a d\u00e9cern\u00e9\u00a0:<\/strong><\/p><p><strong>Le Prix Django Reinhardt<\/strong>\u00a0(musicien fran\u00e7ais de l\u2019ann\u00e9e)\u00a0: \u00e0\u00a0<strong>Michel Portal<\/strong>, saxophoniste, clarinettiste.<br class=\"autobr\" \/><i>&#8211; Finalistes<\/i>\u00a0:\u00a0<strong>Pierre Cullaz<\/strong>, guitariste, et\u00a0<strong>Jean-Claude Naude<\/strong>, trompettiste, compositeur, arrangeur et chef d\u2019orchestre.<\/p><p><strong>L\u2019Oscar du meilleur disque de jazz 1967<\/strong>\u00a0: \u00e0\u00a0<strong>Archie Shepp<\/strong>, pour l\u2019album \u2018<i>A Mama Too Tight<\/i>\u2019 (Impulse A 9134).<br class=\"autobr\" \/><i>&#8211; Finaliste<\/i>\u00a0:\u00a0<strong>John Coltrane<\/strong>, pour \u2019<i>Expression<\/i>\u2019 (Impulse A 9120)<\/p><p><strong>Le Prix Fats Waller\u00a0<\/strong>(de la meilleure r\u00e9\u00e9dition de jazz de l\u2019ann\u00e9e)\u00a0: \u00e0 l\u2019album \u2019<strong>\u00a0<i>The Bix Beiderbecke Story, Vol.10<\/i>\u00a0<\/strong>\u2019, (CBS 62 373).<br class=\"autobr\" \/><i>&#8211; Finaliste<\/i>\u00a0:\u00a0<strong>Jimmie Lunceford<\/strong>, pour \u201c<i>Lunceford Special<\/i>\u201d (C.B.S. 63 154)<\/p><p><strong>Le prix Otis Redding<\/strong>\u00a0du meilleur disque de Rhythm &amp; Blues \u00e0 l\u2019album \u2018<strong>\u00a0<i>The Otis Redding Story<\/i>\u00a0<\/strong>\u2019, (Stax 69 007\/008)\u00a0;<br class=\"autobr\" \/><i>&#8211; Finaliste<\/i>\u00a0:\u00a0<strong>Aretha Franklin<\/strong>, pour \u2019<i>Satisfaction \/ Respect<\/i>\u2019 (Atlantic 820 155)<\/p><p><strong>Le prix Big Bill Broonzy<\/strong>\u00a0du meilleur disque de blues traditionnel \u00e0 l\u2019<strong>\u00a0<i>Int\u00e9grale Bessie Smith<\/i>\u00a0<\/strong>\u2019, (CBS)<\/p>\t\t\t\t\t\t<\/div>\n\t\t\t\t<\/div>\n\t\t\t\t\t<\/div>\n\t\t\t\t<\/div>\n\t\t\t\t\t\t\t<\/div>\n\t\t","protected":false},"featured_media":0,"template":"elementor_header_footer","class_list":["post-1492","palmares","type-palmares","status-publish","hentry"],"yoast_head":"<!-- This site is optimized with the Yoast SEO plugin v21.9.1 - https:\/\/yoast.com\/wordpress\/plugins\/seo\/ -->\n<title>Palmar\u00e8s 1967 - Acad\u00e9mie du Jazz<\/title>\n<meta name=\"robots\" content=\"index, follow, max-snippet:-1, max-image-preview:large, max-video-preview:-1\" \/>\n<link rel=\"canonical\" href=\"https:\/\/www.academiedujazz.com\/index.php\/palmares\/palmares-1967\/\" \/>\n<meta property=\"og:locale\" content=\"fr_FR\" \/>\n<meta property=\"og:type\" content=\"article\" \/>\n<meta property=\"og:title\" content=\"Palmar\u00e8s 1967 - Acad\u00e9mie du Jazz\" \/>\n<meta property=\"og:description\" content=\"Sous la pr\u00e9sidence d\u2019Honneur de Georges Auric, et en pr\u00e9sence du pr\u00e9sident Maurice Cullaz, d\u2019Henri Sauguet, Michel de Bry, Charles Delaunay et des membres d\u2019Honneur, le jury de l\u2019Acad\u00e9mie du Jazz, r\u00e9uni au \u2018Drug West\u2019 de Parly 2, a d\u00e9cern\u00e9\u00a0: Le Prix Django Reinhardt\u00a0(musicien fran\u00e7ais de l\u2019ann\u00e9e)\u00a0: \u00e0\u00a0Michel Portal, saxophoniste, clarinettiste.&#8211; Finalistes\u00a0:\u00a0Pierre Cullaz, guitariste, et\u00a0Jean-Claude [&hellip;]\" \/>\n<meta property=\"og:url\" content=\"https:\/\/www.academiedujazz.com\/index.php\/palmares\/palmares-1967\/\" \/>\n<meta property=\"og:site_name\" content=\"Acad\u00e9mie du Jazz\" \/>\n<meta name=\"twitter:card\" content=\"summary_large_image\" \/>\n<meta name=\"twitter:label1\" content=\"Dur\u00e9e de lecture estim\u00e9e\" \/>\n\t<meta name=\"twitter:data1\" content=\"1 minute\" \/>\n<script type=\"application\/ld+json\" class=\"yoast-schema-graph\">{\"@context\":\"https:\/\/schema.org\",\"@graph\":[{\"@type\":\"WebPage\",\"@id\":\"https:\/\/www.academiedujazz.com\/index.php\/palmares\/palmares-1967\/\",\"url\":\"https:\/\/www.academiedujazz.com\/index.php\/palmares\/palmares-1967\/\",\"name\":\"Palmar\u00e8s 1967 - Acad\u00e9mie du Jazz\",\"isPartOf\":{\"@id\":\"https:\/\/www.academiedujazz.com\/#website\"},\"datePublished\":\"2024-01-19T17:53:20+00:00\",\"dateModified\":\"2024-01-19T17:53:20+00:00\",\"breadcrumb\":{\"@id\":\"https:\/\/www.academiedujazz.com\/index.php\/palmares\/palmares-1967\/#breadcrumb\"},\"inLanguage\":\"fr-FR\",\"potentialAction\":[{\"@type\":\"ReadAction\",\"target\":[\"https:\/\/www.academiedujazz.com\/index.php\/palmares\/palmares-1967\/\"]}]},{\"@type\":\"BreadcrumbList\",\"@id\":\"https:\/\/www.academiedujazz.com\/index.php\/palmares\/palmares-1967\/#breadcrumb\",\"itemListElement\":[{\"@type\":\"ListItem\",\"position\":1,\"name\":\"Accueil\",\"item\":\"https:\/\/www.academiedujazz.com\/\"},{\"@type\":\"ListItem\",\"position\":2,\"name\":\"Palmar\u00e8s 1967\"}]},{\"@type\":\"WebSite\",\"@id\":\"https:\/\/www.academiedujazz.com\/#website\",\"url\":\"https:\/\/www.academiedujazz.com\/\",\"name\":\"Acad\u00e9mie du Jazz\",\"description\":\"\",\"publisher\":{\"@id\":\"https:\/\/www.academiedujazz.com\/#organization\"},\"potentialAction\":[{\"@type\":\"SearchAction\",\"target\":{\"@type\":\"EntryPoint\",\"urlTemplate\":\"https:\/\/www.academiedujazz.com\/?s={search_term_string}\"},\"query-input\":\"required name=search_term_string\"}],\"inLanguage\":\"fr-FR\"},{\"@type\":\"Organization\",\"@id\":\"https:\/\/www.academiedujazz.com\/#organization\",\"name\":\"Acad\u00e9mie du Jazz\",\"url\":\"https:\/\/www.academiedujazz.com\/\",\"logo\":{\"@type\":\"ImageObject\",\"inLanguage\":\"fr-FR\",\"@id\":\"https:\/\/www.academiedujazz.com\/#\/schema\/logo\/image\/\",\"url\":\"https:\/\/www.academiedujazz.com\/wp-content\/uploads\/2023\/11\/Logo-web_Academie-Du-Jazz_Fond-sombre.png\",\"contentUrl\":\"https:\/\/www.academiedujazz.com\/wp-content\/uploads\/2023\/11\/Logo-web_Academie-Du-Jazz_Fond-sombre.png\",\"width\":949,\"height\":800,\"caption\":\"Acad\u00e9mie du Jazz\"},\"image\":{\"@id\":\"https:\/\/www.academiedujazz.com\/#\/schema\/logo\/image\/\"}}]}<\/script>\n<!-- \/ Yoast SEO plugin. -->","yoast_head_json":{"title":"Palmar\u00e8s 1967 - Acad\u00e9mie du Jazz","robots":{"index":"index","follow":"follow","max-snippet":"max-snippet:-1","max-image-preview":"max-image-preview:large","max-video-preview":"max-video-preview:-1"},"canonical":"https:\/\/www.academiedujazz.com\/index.php\/palmares\/palmares-1967\/","og_locale":"fr_FR","og_type":"article","og_title":"Palmar\u00e8s 1967 - Acad\u00e9mie du Jazz","og_description":"Sous la pr\u00e9sidence d\u2019Honneur de Georges Auric, et en pr\u00e9sence du pr\u00e9sident Maurice Cullaz, d\u2019Henri Sauguet, Michel de Bry, Charles Delaunay et des membres d\u2019Honneur, le jury de l\u2019Acad\u00e9mie du Jazz, r\u00e9uni au \u2018Drug West\u2019 de Parly 2, a d\u00e9cern\u00e9\u00a0: Le Prix Django Reinhardt\u00a0(musicien fran\u00e7ais de l\u2019ann\u00e9e)\u00a0: \u00e0\u00a0Michel Portal, saxophoniste, clarinettiste.&#8211; Finalistes\u00a0:\u00a0Pierre Cullaz, guitariste, et\u00a0Jean-Claude [&hellip;]","og_url":"https:\/\/www.academiedujazz.com\/index.php\/palmares\/palmares-1967\/","og_site_name":"Acad\u00e9mie du Jazz","twitter_card":"summary_large_image","twitter_misc":{"Dur\u00e9e de lecture estim\u00e9e":"1 minute"},"schema":{"@context":"https:\/\/schema.org","@graph":[{"@type":"WebPage","@id":"https:\/\/www.academiedujazz.com\/index.php\/palmares\/palmares-1967\/","url":"https:\/\/www.academiedujazz.com\/index.php\/palmares\/palmares-1967\/","name":"Palmar\u00e8s 1967 - Acad\u00e9mie du Jazz","isPartOf":{"@id":"https:\/\/www.academiedujazz.com\/#website"},"datePublished":"2024-01-19T17:53:20+00:00","dateModified":"2024-01-19T17:53:20+00:00","breadcrumb":{"@id":"https:\/\/www.academiedujazz.com\/index.php\/palmares\/palmares-1967\/#breadcrumb"},"inLanguage":"fr-FR","potentialAction":[{"@type":"ReadAction","target":["https:\/\/www.academiedujazz.com\/index.php\/palmares\/palmares-1967\/"]}]},{"@type":"BreadcrumbList","@id":"https:\/\/www.academiedujazz.com\/index.php\/palmares\/palmares-1967\/#breadcrumb","itemListElement":[{"@type":"ListItem","position":1,"name":"Accueil","item":"https:\/\/www.academiedujazz.com\/"},{"@type":"ListItem","position":2,"name":"Palmar\u00e8s 1967"}]},{"@type":"WebSite","@id":"https:\/\/www.academiedujazz.com\/#website","url":"https:\/\/www.academiedujazz.com\/","name":"Acad\u00e9mie du Jazz","description":"","publisher":{"@id":"https:\/\/www.academiedujazz.com\/#organization"},"potentialAction":[{"@type":"SearchAction","target":{"@type":"EntryPoint","urlTemplate":"https:\/\/www.academiedujazz.com\/?s={search_term_string}"},"query-input":"required name=search_term_string"}],"inLanguage":"fr-FR"},{"@type":"Organization","@id":"https:\/\/www.academiedujazz.com\/#organization","name":"Acad\u00e9mie du Jazz","url":"https:\/\/www.academiedujazz.com\/","logo":{"@type":"ImageObject","inLanguage":"fr-FR","@id":"https:\/\/www.academiedujazz.com\/#\/schema\/logo\/image\/","url":"https:\/\/www.academiedujazz.com\/wp-content\/uploads\/2023\/11\/Logo-web_Academie-Du-Jazz_Fond-sombre.png","contentUrl":"https:\/\/www.academiedujazz.com\/wp-content\/uploads\/2023\/11\/Logo-web_Academie-Du-Jazz_Fond-sombre.png","width":949,"height":800,"caption":"Acad\u00e9mie du Jazz"},"image":{"@id":"https:\/\/www.academiedujazz.com\/#\/schema\/logo\/image\/"}}]}},"_links":{"self":[{"href":"https:\/\/www.academiedujazz.com\/index.php\/wp-json\/wp\/v2\/palmares\/1492","targetHints":{"allow":["GET"]}}],"collection":[{"href":"https:\/\/www.academiedujazz.com\/index.php\/wp-json\/wp\/v2\/palmares"}],"about":[{"href":"https:\/\/www.academiedujazz.com\/index.php\/wp-json\/wp\/v2\/types\/palmares"}],"version-history":[{"count":1,"href":"https:\/\/www.academiedujazz.com\/index.php\/wp-json\/wp\/v2\/palmares\/1492\/revisions"}],"predecessor-version":[{"id":1518,"href":"https:\/\/www.academiedujazz.com\/index.php\/wp-json\/wp\/v2\/palmares\/1492\/revisions\/1518"}],"wp:attachment":[{"href":"https:\/\/www.academiedujazz.com\/index.php\/wp-json\/wp\/v2\/media?parent=1492"}],"curies":[{"name":"wp","href":"https:\/\/api.w.org\/{rel}","templated":true}]}}

Palmarès 1967

<div data-elementor-type="wp-post" data-elementor-id="1492" class="elementor elementor-1492" data-elementor-post-type="palmares">
							<div class="elementor-element elementor-element-b66b883 e-flex e-con-boxed e-con e-parent" data-id="b66b883" data-element_type="container" data-settings="{&quot;background_background&quot;:&quot;classic&quot;,&quot;container_type&quot;:&quot;flex&quot;,&quot;content_width&quot;:&quot;boxed&quot;}" data-core-v316-plus="true">
					<div class="e-con-inner">
				<div class="elementor-element elementor-element-ebcebc4 elementor-widget__width-initial b-primary elementor-widget elementor-widget-text-editor" data-id="ebcebc4" data-element_type="widget" data-widget_type="text-editor.default">
				<div class="elementor-widget-container">
			<style>/*! elementor - v3.18.0 - 20-12-2023 */
.elementor-widget-text-editor.elementor-drop-cap-view-stacked .elementor-drop-cap{background-color:#69727d;color:#fff}.elementor-widget-text-editor.elementor-drop-cap-view-framed .elementor-drop-cap{color:#69727d;border:3px solid;background-color:transparent}.elementor-widget-text-editor:not(.elementor-drop-cap-view-default) .elementor-drop-cap{margin-top:8px}.elementor-widget-text-editor:not(.elementor-drop-cap-view-default) .elementor-drop-cap-letter{width:1em;height:1em}.elementor-widget-text-editor .elementor-drop-cap{float:left;text-align:center;line-height:1;font-size:50px}.elementor-widget-text-editor .elementor-drop-cap-letter{display:inline-block}</style>				<p><strong>Sous la présidence d’Honneur de Georges Auric, et en présence du président Maurice Cullaz, d’Henri Sauguet, Michel de Bry, Charles Delaunay et des membres d’Honneur, le jury de l’Académie du Jazz, réuni au ‘<i>Drug West</i>’ de Parly 2, a décerné :</strong></p><p><strong>Le Prix Django Reinhardt</strong> (musicien français de l’année) : à <strong>Michel Portal</strong>, saxophoniste, clarinettiste.<br class="autobr" /><i>&#8211; Finalistes</i> : <strong>Pierre Cullaz</strong>, guitariste, et <strong>Jean-Claude Naude</strong>, trompettiste, compositeur, arrangeur et chef d’orchestre.</p><p><strong>L’Oscar du meilleur disque de jazz 1967</strong> : à <strong>Archie Shepp</strong>, pour l’album ‘<i>A Mama Too Tight</i>’ (Impulse A 9134).<br class="autobr" /><i>&#8211; Finaliste</i> : <strong>John Coltrane</strong>, pour ’<i>Expression</i>’ (Impulse A 9120)</p><p><strong>Le Prix Fats Waller </strong>(de la meilleure réédition de jazz de l’année) : à l’album ’<strong> <i>The Bix Beiderbecke Story, Vol.10</i> </strong>’, (CBS 62 373).<br class="autobr" /><i>&#8211; Finaliste</i> : <strong>Jimmie Lunceford</strong>, pour “<i>Lunceford Special</i>” (C.B.S. 63 154)</p><p><strong>Le prix Otis Redding</strong> du meilleur disque de Rhythm &amp; Blues à l’album ‘<strong> <i>The Otis Redding Story</i> </strong>’, (Stax 69 007/008) ;<br class="autobr" /><i>&#8211; Finaliste</i> : <strong>Aretha Franklin</strong>, pour ’<i>Satisfaction / Respect</i>’ (Atlantic 820 155)</p><p><strong>Le prix Big Bill Broonzy</strong> du meilleur disque de blues traditionnel à l’<strong> <i>Intégrale Bessie Smith</i> </strong>’, (CBS)</p>						</div>
				</div>
					</div>
				</div>
							</div>

<!-- This site is optimized with the Yoast SEO plugin v21.9.1 - https://yoast.com/wordpress/plugins/seo/ -->
<title>Palmarès 1967 - Académie du Jazz</title>
<meta name="robots" content="index, follow, max-snippet:-1, max-image-preview:large, max-video-preview:-1" />
<link rel="canonical" href="https://www.academiedujazz.com/index.php/palmares/palmares-1967/" />
<meta property="og:locale" content="fr_FR" />
<meta property="og:type" content="article" />
<meta property="og:title" content="Palmarès 1967 - Académie du Jazz" />
<meta property="og:description" content="Sous la présidence d’Honneur de Georges Auric, et en présence du président Maurice Cullaz, d’Henri Sauguet, Michel de Bry, Charles Delaunay et des membres d’Honneur, le jury de l’Académie du Jazz, réuni au ‘Drug West’ de Parly 2, a décerné : Le Prix Django Reinhardt (musicien français de l’année) : à Michel Portal, saxophoniste, clarinettiste.&#8211; Finalistes : Pierre Cullaz, guitariste, et Jean-Claude [&hellip;]" />
<meta property="og:url" content="https://www.academiedujazz.com/index.php/palmares/palmares-1967/" />
<meta property="og:site_name" content="Académie du Jazz" />
<meta name="twitter:card" content="summary_large_image" />
<meta name="twitter:label1" content="Durée de lecture estimée" />
	<meta name="twitter:data1" content="1 minute" />
<script type="application/ld+json" class="yoast-schema-graph">{"@context":"https://schema.org","@graph":[{"@type":"WebPage","@id":"https://www.academiedujazz.com/index.php/palmares/palmares-1967/","url":"https://www.academiedujazz.com/index.php/palmares/palmares-1967/","name":"Palmarès 1967 - Académie du Jazz","isPartOf":{"@id":"https://www.academiedujazz.com/#website"},"datePublished":"2024-01-19T17:53:20+00:00","dateModified":"2024-01-19T17:53:20+00:00","breadcrumb":{"@id":"https://www.academiedujazz.com/index.php/palmares/palmares-1967/#breadcrumb"},"inLanguage":"fr-FR","potentialAction":[{"@type":"ReadAction","target":["https://www.academiedujazz.com/index.php/palmares/palmares-1967/"]}]},{"@type":"BreadcrumbList","@id":"https://www.academiedujazz.com/index.php/palmares/palmares-1967/#breadcrumb","itemListElement":[{"@type":"ListItem","position":1,"name":"Accueil","item":"https://www.academiedujazz.com/"},{"@type":"ListItem","position":2,"name":"Palmarès 1967"}]},{"@type":"WebSite","@id":"https://www.academiedujazz.com/#website","url":"https://www.academiedujazz.com/","name":"Académie du Jazz","description":"","publisher":{"@id":"https://www.academiedujazz.com/#organization"},"potentialAction":[{"@type":"SearchAction","target":{"@type":"EntryPoint","urlTemplate":"https://www.academiedujazz.com/?s={search_term_string}"},"query-input":"required name=search_term_string"}],"inLanguage":"fr-FR"},{"@type":"Organization","@id":"https://www.academiedujazz.com/#organization","name":"Académie du Jazz","url":"https://www.academiedujazz.com/","logo":{"@type":"ImageObject","inLanguage":"fr-FR","@id":"https://www.academiedujazz.com/#/schema/logo/image/","url":"https://www.academiedujazz.com/wp-content/uploads/2023/11/Logo-web_Academie-Du-Jazz_Fond-sombre.png","contentUrl":"https://www.academiedujazz.com/wp-content/uploads/2023/11/Logo-web_Academie-Du-Jazz_Fond-sombre.png","width":949,"height":800,"caption":"Académie du Jazz"},"image":{"@id":"https://www.academiedujazz.com/#/schema/logo/image/"}}]}</script>
<!-- / Yoast SEO plugin. -->

Palmarès 1967 - Académie du Jazz

Sous la présidence d’Honneur de Georges Auric, et en présence du président Maurice Cullaz, d’Henri Sauguet, Michel de Bry, Charles Delaunay et des membres d’Honneur, le jury de l’Académie du Jazz, réuni au ‘Drug West’ de Parly 2, a décerné : Le Prix Django Reinhardt (musicien français de l’année) : à Michel Portal, saxophoniste, clarinettiste.&#8211; Finalistes : Pierre Cullaz, guitariste, et Jean-Claude [&hellip;]

Académie du Jazz
